 what is 227 + 30?
257
In base 2, what is 111010 - 100111001111?
-100110010101
In base 11, what is 2398 - 12?
2386
In base 4, what is 32133 - -2030?
100223
In base 4, what is 2000 + -3331?
-1331
In base 12, what is 58 + 27b?
317
In base 16, what is 3 - b4ba?
-b4b7
In base 2, what is -11001101 + 1000010100?
101000111
In base 13, what is -1258 - -8?
-1250
In base 7, what is -12411 - -511?
-11600
In base 13, what is -2 - -81a?
818
In base 12, what is -a18 - 22a?
-1046
In base 11, what is -7 + -6373?
-637a
In base 6, what is -453230 - -22?
-453204
In base 8, what is 1621 + 12?
1633
In base 16, what is -a2 + b2ee?
b24c
In base 10, what is -23 + -18768?
-18791
In base 12, what is 0 - 13306?
-13306
In base 15, what is -6 - 2b56?
-2b5c
In base 3, what is 101201 + 2022?
111000
In base 15, what is 4 + -1741c?
-17418
In base 13, what is 41a + -26?
3c4
In base 15, what is -2 + -4b316?
-4b318
In base 6, what is 1124100 - -2?
1124102
In base 9, what is -7 + -6817?
-6825
In base 6, what is -5 + 1100215?
1100210
In base 7, what is 4466 + 2?
4501
In base 14, what is 18 - 59d4?
-59ba
In base 12, what is 3 - -285090?
285093
In base 12, what is -38a3 + -299?
-3b80
In base 2, what is -10111101100010000 - -10?
-10111101100001110
In base 5, what is -4 + 43431243?
43431234
In base 16, what is -a403 - -5?
-a3fe
In base 15, what is 1 + 20417?
20418
In base 9, what is 34 - -57825?
57860
In base 10, what is -126008 - 5?
-126013
In base 8, what is 21157 + -377?
20560
In base 16, what is -97 + 40?
-57
In base 5, what is 2412 + -20022?
-12110
In base 4, what is -11 + -1322122123?
-1322122200
In base 16, what is -20 - 43?
-63
In base 15, what is 1819 + 81?
189a
In base 6, what is 1020023 - -1?
1020024
In base 15, what is -124 + 6c7?
5a3
In base 7, what is -20251 + 5?
-20243
In base 8, what is 70 + -2212?
-2122
In base 4, what is 3230 - 23022?
-13132
In base 2, what is -100 + -101010110101110?
-101010110110010
In base 9, what is -22 + -15510?
-15532
In base 2, what is -101101010110 - -100?
-101101010010
In base 2, what is -1000100000101001111111 + 0?
-1000100000101001111111
In base 14, what is 3 - 96a?
-967
In base 7, what is 1064 - 362?
402
In base 3, what is 2110101111 - 12?
2110101022
In base 15, what is -2528 - 1?
-2529
In base 16, what is 200619 + -5?
200614
In base 15, what is -28e9c + 1?
-28e9b
In base 5, what is 10 + -233431?
-233421
In base 8, what is -1155 - 405?
-1562
In base 6, what is 41141454 - 5?
41141445
In base 4, what is 10021330 + -20?
10021310
In base 14, what is 2da - -1b?
317
In base 11, what is -3 - -70412?
7040a
In base 9, what is -48 + -2752?
-2811
In base 8, what is 570 + 157?
747
In base 8, what is -1 + 17077?
17076
In base 13, what is 1730 - -c?
173c
In base 15, what is 4 - 282?
-27d
In base 16, what is -32 - -5f8?
5c6
In base 4, what is 103 + -32232223?
-32232120
In base 10, what is 565110 - -1?
565111
In base 12, what is -7263 + -b?
-7272
In base 9, what is -4 + -122637?
-122642
In base 5, what is 344 - 1234?
-340
In base 5, what is 322033 - 30?
322003
In base 2, what is 11001000001 + 1111?
11001010000
In base 5, what is -101314 - -3422?
-42342
In base 7, what is -531416 + -2?
-531421
In base 15, what is 3c48 + -5?
3c43
In base 13, what is cc846 + -1?
cc845
In base 11, what is -2a69 - -16a?
-28aa
In base 3, what is -21 - 1120100220?
-1120101011
In base 7, what is -104034 + 3?
-104031
In base 4, what is -320333 - 113?
-321112
In base 4, what is -2 + -20101323?
-20101331
In base 11, what is -22544 - 7?
-22550
In base 3, what is 12 + -1210022000100?
-1210022000011
In base 11, what is -254149 - -2?
-254147
In base 13, what is -3525 - ca?
-3622
In base 4, what is -20222 - -32111?
11223
In base 14, what is 265 - -1108?
136d
In base 5, what is -223 - -24042?
23314
In base 10, what is 4390 + -34?
4356
In base 6, what is -31355 + 13?
-31342
In base 12, what is 80 + 201?
281
In base 15, what is -4c + 237?
1da
In base 3, what is 1001200202 + 10021?
1001211000
In base 5, what is 41440 + -1442?
34443
In base 6, what is -132315050 - -5?
-132315041
In base 2, what is 100000100010110000 - -101?
100000100010110101
In base 13, what is 0 - -9b1b7?
9b1b7
In base 14, what is -29b + 4dd?
242
In base 12, what is -11a4052 + -1?
-11a4053
In base 5, what is -3 - 402132?
-402140
In base 8, what is -52 - -233061?
233007
In base 16, what is -5 - d5?
-da
In base 13, what is b - -385?
393
In base 4, what is -202003 + -10331?
-213000
In base 15, what is 68ec4 - 3?
68ec1
In base 10, what is -3780 + 38?
-3742
In base 15, what is 1 - -c93c?
c93d
In base 9, what is -5 + 567?
562
In base 14, what is b6 + -473?
-39b
In base 3, what is 21010002001 - 12?
21010001212
In base 8, what is 361 + -2407?
-2026
In base 14, what is -809 - 2?
-80b
In base 4, what is -31233030 + -10?
-31233100
In base 14, what is 14 + -1226d?
-12259
In base 13, what is -4 - -321c47?
321c43
In base 2, what is -1110100111110011010 - -1?
-1110100111110011001
In base 12, what is -124155 - -5?
-124150
In base 8, what is -46011 + 4?
-46005
In base 4, what is 323330 + 1?
323331
In base 8, what is -27114 - 3?
-27117
In base 10, what is 13 + 64191?
64204
In base 12, what is 11 - -2903?
2914
In base 6, what is -205224225 - -5?
-205224220
In base 5, what is 0 + -12341103?
-12341103
In base 6, what is 114 - -20013?
20131
In base 2, what is 101010001100100 - -100?
101010001101000
In base 4, what is 3311 + -1123?
2122
In base 3, what is 100021021 - 2120?
100011201
In base 8, what is 374603 + 4?
374607
In base 8, what is 464 + 4557?
5243
In base 12, what is -631 - 159?
-78a
In base 5, what is -121 - 33101?
-33222
In base 5, what is -4340014 - -2?
-4340012
In base 6, what is 2351423 - 4?
2351415
In base 15, what is -9401a + -1?
-9401b
In base 7, what is -435423 - 3?
-435426
In base 11, what is 2682 + -2?
2680
In base 8, what is -160101 + 0?
-160101
In base 5, what is -12124 - -132113?
114434
In base 8, what is -54 - -2116?
2042
In base 7, what is -132 + -2440?
-2602
In base 9, what is -477185 + -4?
-477200
In base 13, what is 3c - -128?
167
In base 8, what is -1537204 + 0?
-1537204
In base 13, what is 4 - -30ca96?
30ca9a
In base 13, what is a79b + -4?
a797
In base 5, what is 20024 + -12040?
2434
In base 9, what is -115 + -58167?
-58283
In base 6, what is -305 - -232?
-33
In base 15, what is -8 - -c0a0?
c097
In base 3, what is 11120 + 10002?
21122
In base 12, what is 11ba + 667?
1865
In base 7, what is 3 - -535402?
535405
In base 15, what is 5 + 8456c?
84572
In base 4, what is 10 + 320023112?
320023122
In base 8, what is 122303 + 0?
122303
In base 14, what is 62bc0 - 5?
62bb9
In base 6, what is 5 - 1050311?
-1050302
In base 2, what is 1011111 + 10001000001000?
10001001100111
In base 2, what is 100100 - -1010000111?
1010101011
In base 3, what is -10 - -10101010112?
10101010102
In base 10, what is 436 - 5?
431
In base 9, what is 48 - -563?
622
In base 4, what is 2 - -21231123?
21231131
In base 13, what is 9 + 4c136?
4c142
In base 12, what is -2a0 - -95?
-207
In base 13, what is -7 - -57509?
57502
In base 6, what is 223055424 - -2?
223055430
In base 6, what is 203035440 + -1?
203035435
In base 14, what is -1cc1 + -54?
-1d35
In base 4, what is -1121 + 2120322?
2113201
In base 9, what is 277 - 545?
-257
In base 3, what is 11101200001 + 10?
11101200011
In base 7, what is 50 - 64664?
-64614
In base 9, what is 8 - -355502?
355511
In base 11, what is 5954a3 + 0?
5954a3
In base 2, what is 10 - 101111000011110111?
-101111000011110101
In base 9, what is -6 - 718400?
-718406
In base 14, what is 2624 - -16?
263a
In base 3, what is -11 - 22112012111?
-22112012122
In base 14, what is 2c29 + -55?
2bb4
In base 6, what is -4431210 + 1?
-4431205
In base 16, what is 3 + 7e47?
7e4a
In base 4, what is 2 + 13022131?
13022133
In base 16, what is 18 - -22077?
2208f
In base 13, what is 2 + 260528?
26052a
In base 16, what is -28 + -77cb?
-77f3
In base 8, what is -50273 - -2?
-50271
In base 12, what is -3 - 15b06?
-15b09
In base 6, what is 2210 + 20?
2230
In base 12, what is -1 - -9141a?
91419
In base 16, what is -350f1 - -1?
-350f0
In base 5, what is 1404 - 41010?
-34101
In base 4, what is -122322313 - -10?
-122322303
In base 8, what is -5001 + -16?
-5017
In base 9, what is 13237 + 1?
13238
In base 15, what is -1 - 137bc?
-137bd
In base 6, what is -501